462.
14
Calculate the greatest common divisor of 2919878 and 702.
26
Calculate the greatest common factor of 3796530 and 120.
30
What is the greatest common divisor of 360696 and 106932?
1596
Calculate the greatest common factor of 2809 and 2108.
1
What is the highest common divisor of 104 and 107704?
8
What is the highest common factor of 893387930 and 3320?
830
Calculate the greatest common divisor of 501 and 534627287.
167
Calculate the highest common factor of 61155 and 5051970.
405
What is the highest common divisor of 3524801 and 161?
7
What is the highest common factor of 24564 and 468924?
276
Calculate the greatest common factor of 142588 and 3544804.
3316
What is the highest common factor of 765983642 and 213?
71
Calculate the highest common divisor of 50334795 and 3150.
315
Calculate the greatest common factor of 472492 and 1577.
19
Calculate the highest common factor of 180 and 5496696.
36
Calculate the highest common divisor of 747 and 56909.
1
What is the highest common divisor of 1499043 and 6384?
399
What is the highest common factor of 1408 and 4337664?
128
What is the greatest common divisor of 384 and 11760576?
192
Calculate the highest common factor of 1389 and 9811.
1
What is the highest common factor of 490 and 244930?
70
What is the highest common divisor of 343200 and 82005?
165
Calculate the highest common divisor of 683244 and 3708.
36
What is the greatest common factor of 353048148 and 5256?
2628
What is the highest common factor of 2646 and 109431?
189
Calculate the greatest common factor of 143 and 745823.
13
What is the greatest common factor of 772044 and 236?
4
What is the highest common divisor of 8 and 4094462?
2
Calculate the highest common divisor of 154283300 and 325.
25
Calculate the highest common factor of 2790 and 71474778.
558
What is the highest common divisor of 108 and 2395968?
12
What is the highest common factor of 29354 and 154781384?
2258
Calculate the greatest common divisor of 363 and 9157137.
33
Calculate the greatest common factor of 96914126 and 4678.
4678
What is the highest common factor of 83 and 39657815?
83
Calculate the greatest common divisor of 33338802 and 212.
106
What is the highest common divisor of 44598255 and 135?
15
What is the greatest common divisor of 3108858 and 1914?
174
What is the highest common divisor of 15045 and 127145?
295
Calculate the greatest common factor of 220 and 1880850.
10
What is the highest common factor of 16842649 and 88450?
1769
Calculate the highest common factor of 2043 and 118799769.
681
Calculate the greatest common divisor of 3150 and 2195775.
225
What is the greatest common factor of 68 and 599947?
17
What is the greatest common divisor of 32082819 and 4077?
453
Calculate the highest common factor of 4322010 and 12474.
462
Calculate the highest common factor of 3502 and 332146.
34
What is the greatest common divisor of 275872534 and 79856?
9982
What is the highest common divisor of 14 and 393909621?
7
What is the highest common factor of 28073902 and 2117?
73
Calculate the highest common factor of 11859011 and 113.
113
Calculate the greatest common divisor of 132 and 14853.
3
What is the greatest common factor of 28062335 and 3610?
1805
Calculate the highest common divisor of 18647538 and 91.
91
What is the highest common factor of 329395 and 5085?
565
What is the greatest common divisor of 1040082 and 1050?
6
What is the highest common factor of 4158 and 2079693?
693
Calculate the greatest common divisor of 116874 and 7654.
86
What is the highest common divisor of 24 and 34488296?
8
Calculate the highest common divisor of 52474459 and 8020.
401
What is the highest common factor of 70373511 and 68913?
2223
What is the highest common factor of 957345 and 825?
15
What is the highest common factor of 48061628 and 414?
46
Calculate the highest common factor of 60 and 97134.
6
What is the highest common divisor of 348166 and 858?
26
What is the highest common factor of 589100 and 72025?
1075
What is the highest common divisor of 34 and 233107774?
34
Calculate the highest common factor of 12040770 and 258720.
1470
What is the highest common divisor of 47974 and 63578?
166
Calculate the highest common divisor of 17307 and 1215729.
27
What is the greatest common factor of 561240 and 25560?
360
What is the greatest common factor of 316 and 14231534?
158
Calculate the greatest common factor of 199989 and 2005651.
823
Calculate the greatest common factor of 33019128 and 72.
72
Calculate the greatest common factor of 555 and 7894875.
555
Calculate the greatest common factor of 845317 and 473.
11
What is the greatest common divisor of 1808670 and 12?
6
Calculate the greatest common divisor of 5594411 and 17.
17
What is the greatest common factor of 229 and 2814181?
229
What is the greatest common divisor of 56351994 and 11370?
2274
What is the highest common factor of 133590 and 119720?
730
What is the highest common factor of 447440 and 173740?
2380
Calculate the highest common divisor of 340 and 266277800.
340
What is the greatest common divisor of 11975 and 102573539?
479
What is the greatest common factor of 78898006 and 1916?
958
What is the highest common divisor of 257 and 46938223?
257
Calculate the highest common factor of 34 and 58418.
2
What is the greatest common factor of 2512968907 and 10981?
10981
Calculate the greatest common divisor of 27940 and 556380.
220
What is the highest common factor of 1998 and 211716?
18
What is the greatest common divisor of 23110713 and 87543?
639
What is the greatest common divisor of 1634906 and 194012?
2366
Calculate the highest common divisor of 1023952 and 4912.
16
Calculate the greatest common divisor of 7268 and 1696480.
92
Calculate the highest common factor of 22990 and 1486.
2
Calculate the greatest common divisor of 21410 and 88806539.
2141
Calculate the greatest common factor of 3306 and 435049213.
551
What is the greatest common factor of 180 and 495495?
45
What is the highest common factor of 1302005 and 21800?
545
Calculate the highest common divisor of 340208 and 9119894.
3866
Calculate the greatest common factor of 85158952 and 32952.
10984
Calculate the greatest common factor of 269813 and 2484.
23
Calculate the highest common divisor of 870095 and 5.
5
Calculate the highest common factor of 610 and 3947798.
122
Calculate the greatest common divisor of 365932 and 33460.
28
What is the greatest common factor of 104 and 3936140?
52
What is the highest common divisor of 40672 and 320456?
328
Calculate the greatest common factor of 9 and 1120887.
9
Calculate the highest common factor of 90504 and 829440.
216
Calculate the highest common divisor of 1284162 and 1188.
66
Calculate the greatest common factor of 1047 and 21998517.
1047
What is the greatest common factor of 140257928 and 1378?
106
Calculate the highest common divisor of 28 and 24457048.
28
Calculate the highest common divisor of 36947407 and 322.
161
What is the highest common divisor of 23835026 and 6766?
398
Calculate the highest common divisor of 2323 and 690541949.
2323
What is the highest common divisor of 385874914 and 1570?
314
Calculate the highest common factor of 868 and 8195222.
434
What is the highest common divisor of 28379 and 22912768?
2183
What is the highest common divisor of 10670 and 4665700?
970
Calculate the highest common factor of 566871 and 3.
3
Calculate the highest common divisor of 72590973 and 4081.
371
What is the greatest common divisor of 245227 and 260287?
251
What is the highest common factor of 9900572 and 650056?
3652
Calculate the highest common factor of 1752826 and 152.
38
What is the highest common factor of 140280 and 420172?
668
What is the greatest common factor of 962939 and 12787?
19
What is the highest common divisor of 476668 and 8477804?
1076
Calculate the greatest common factor of 61072 and 46112.
176
Calculate the highest common divisor of 48190 and 57986.
158
Calculate the highest common divisor of 16125020 and 712.
356
Calculate the greatest common factor of 158 and 136791107.
79
What is the greatest common factor of 104409 and 74682?
81
Calculate the greatest common divisor of 80776 and 8950332.
1756
What is the highest common divisor of 1 and 1956757?
1
What is the highest common d